47. Let c be d(z). Suppose c*s - 580 = 32*s. What are the prime factors of s?
2, 29
Suppose -13036 = -3*s + 5*v, -3*s - 5127 = -3*v - 18165. What are the prime factors of s?
3, 7, 23
Suppose -70 = -2*v - 4. Suppose -5616 = -v*m + 15*m. What are the prime factors of m?
2, 3, 13
Let d(c) = -2*c + c - 39 - 27*c - 3*c. What are the prime factors of d(-4)?
5, 17
Suppose -n - 2*j + 20968 = 0, 41*n - 45*n = j - 83872. What are the prime factors of n?
2, 2621
Let z be ((-12)/8)/((-3)/8). Suppose -2*x = -z*x - 396. List the prime factors of x/(-4) + (-21)/(-14).
3, 17
List the prime factors of ((-1824)/(-60) + -30)/(1/35705).
2, 37, 193
Let s(f) = -47*f + 98 + 6*f - 11 - 4. What are the prime factors of s(-17)?
2, 3, 5, 13
Let v(y) = 7*y**3 - 30*y**2 + 6*y - 6. Let g be v(7). Suppose -213 = -l + 5*s, 5*l - 9*l = 3*s - g. List the prime factors of l.
2, 7, 17
Let h be (875/3)/5*-3. Let n = h + 324. Let w = -30 + n. List the prime factors of w.
7, 17
List the prime factors of (-7 + (-676)/(-28))/((-1)/(-7)).
2, 3, 5
Let w = -1722 - -3452. Let n = w - 1005. What are the prime factors of n?
5, 29
Suppose -199*t + 36612 = -195*t. List the prime factors of t.
3, 113
Let x = -6161 + 11500. What are the prime factors of x?
19, 281
Let j = -28459 + 41357. What are the prime factors of j?
2, 6449
Let c = 82 + -47. Let k = 45 - c. Let x(j) = j**2 - 7. What are the prime factors of x(k)?
3, 31
Suppose -c = 4*v - 29, 5*v + 4*c + c = 55. Suppose v*m - 4*m - r - 825 = 0, m - 4*r - 430 = 0. List the prime factors of m.
2, 5, 41
Let t = 16481 - 9437. List the prime factors of t.
2, 3, 587
Suppose -67*q + 62*q = 150. What are the prime factors of (-12447)/(-15) - (-24)/q?
829
Let z = 1446 - -958. Let w = z - 1202. List the prime factors of w.
2, 601
Suppose -688*t = -683*t + 25, 4*t + 109469 = 3*d. What are the prime factors of d?
3, 12161
Suppose -5*j + 4*j = 0. Suppose -2*n - 13 + 21 = j. Suppose -5*m + 13 = -n*m. List the prime factors of m.
13
Let n = -491 + 350. Suppose 0*k - 4*k = -836. Let m = n + k. What are the prime factors of m?
2, 17
Let a(j) = 13*j**3 - 2*j + 3. Let l be a(1). Let y(b) = 13*b**2 - 11*b - l*b**2 + 6 + 4*b**2. What are the prime factors of y(7)?
2, 19
Suppose -14*r = -13*r, -z = -4*r - 10455. What are the prime factors of z?
3, 5, 17, 41
Suppose r = -5*n + 58, -4*r + 0*n + 3*n = -163. Suppose 3647 - 25964 = -r*b. What are the prime factors of b?
3, 173
Let u be (-112)/(-112) + 7*1. Suppose 9*a - 26 + u = 0. What are the prime factors of a?
2
Suppose 29 = -6*m + 53. Let l(y) = -112*y**3 - 4*y**2 - 2*y + 1. Let a be l(-2). Suppose -a = -m*s - s. List the prime factors of s.
3, 59
Let f(d) = 1714*d + 2171. List the prime factors of f(5).
23, 467
Suppose 0 = 102*f - 68*f - 189346. What are the prime factors of f?
5569
Suppose 3*c - 5*f - 1234 = 0, -2070 = -5*c - 9*f + 4*f. Suppose 4*a = c + 379. Let h = a + -92. What are the prime factors of h?
2, 53
Let r be (-1)/5*(-16 + -9). Suppose 4*p + 2 - 11 = -5*v, r*p = 5*v. What are the prime factors of 2/((-1)/71*(-1)/v)?
2, 71
Suppose 5*z - o = 74898, -16973 - 27952 = -3*z - 4*o. What are the prime factors of z?
3, 4993
Let m be -2774*7/(-42)*3. Suppose -18*p + 1295 = -m. What are the prime factors of p?
149
Let y(s) be the first derivative of -54*s**2 - 119*s - 110. List the prime factors of y(-9).
853
Let h = 256 + -255. List the prime factors of h*1/5 + (-188094)/(-230).
2, 409
Suppose -3*r + 4*n + 72 = -50, -4*n - 20 = 0. Suppose r*p = -2658 + 7350. What are the prime factors of p?
2, 3, 23
Let p(x) = 678*x**2 + 4*x + 3. Let m = -4 + 3. What are the prime factors of p(m)?
677
Let w(s) = -43*s**3 - s**2 + 3*s + 2. Let o be w(2). Let q be 6/4*o/(-51). What are the prime factors of 1152/q - (-2)/(-10)?
5, 23
Suppose -111*y - 266472 = -129*y. What are the prime factors of y?
2, 3701
Suppose 691 + 125 = 6*u. Suppose 7*b - u = -b. List the prime factors of 167 - b - 2*(0 - -1).
2, 37
Suppose 0 = 67*y - 213*y + 1511538. What are the prime factors of y?
3, 7, 17, 29
Let c(b) = -6*b + 66. Let s(g) = g**2 + g + 2. Let m be s(-5). Suppose 0 = -2*o - m - 16. What are the prime factors of c(o)?
2, 3, 5
Let p(g) = -2*g**2 + 1. Let n be p(-2). What are the prime factors of 6*n*(-21)/14?
3, 7
Let o be (10 - 7)/(1 - 149/150). Suppose -5*t + 400 = -o. What are the prime factors of t?
2, 5, 17
Suppose 45 = -q + 47. What are the prime factors of (-17 + -91)*(-3)/q?
2, 3
Suppose -15*t - 161994 + 584529 = 0. What are the prime factors of t?
17, 1657
Let k(x) = 52*x**2 - 20*x + 412. List the prime factors of k(12).
2, 5, 383
Let w = -206 - -625. Let v = 613 - w. What are the prime factors of v?
2, 97
Suppose 5*x + 139*h - 141*h = -9910, x + 1982 = -h. Let o = -982 - x. What are the prime factors of o?
2, 5
Let s = 754 - 381. Suppose 0 = -3*n - 3, 20 = -p - 5*n + s. What are the prime factors of p?
2, 179
Suppose r + 3914 = -2*b, 0*r = 3*r + 2*b + 11754. What are the prime factors of (r/64)/((-2)/16)?
2, 5, 7
Let f(q) = 17*q + 231. Suppose 0 = 5*j - 5*h, h + 0*h = 2*j. What are the prime factors of f(j)?
3, 7, 11
Suppose 36*m + 3*z = 38*m - 9090, -4*m - z = -18166. List the prime factors of m.
2, 3, 757
Suppose 44*x - 10 = 39*x. Suppose 0 = -2*n + n + x. Suppose 0 = 4*y + 2*p + n*p - 208, 4*y - 226 = 2*p. What are the prime factors of y?
5, 11
List the prime factors of (-8 - (696/(-40) - -11))/((-2)/2045).
2, 409
Let j(l) = 96*l + 34. Let x(s) = -s**3 + 4*s**2 + 10*s + 18. Let o be x(6). What are the prime factors of j(o)?
2, 5, 61
Suppose -3*r - 15 = 5*t, -5*t = -5*r - 2*t - 59. Let c(l) = 3*l + 19. Let q be c(r). Let s(g) = g**3 + 12*g**2 + 10*g + 5. List the prime factors of s(q).
2
Suppose 0 = 3*t + 2*k + 420, 3*t = -t - 3*k - 561. Suppose 0 = -3*a + 3*u - 183, 4*a + 0*u = -2*u - 244. Let d = a - t. List the prime factors of d.
7, 11
List the prime factors of 5921 + 8 - (19 + -5).
5, 7, 13
Let j(v) = 360*v**2 - 76*v + 13. List the prime factors of j(-7).
5, 3637
Let m(o) = -5*o**3 + 3*o**2 + 98*o - 3. What are the prime factors of m(-12)?
3, 877
Suppose 2*q + 0*q - 14 = 2*w, 0 = -2*q + 3*w + 13. List the prime factors of (1957/76)/(1/q).
2, 103
Let u(k) = 2*k**2 - 4*k + 5. Suppose 4*y - 12*y = 48. Let j be u(y). Let a = 7 + j. What are the prime factors of a?
2, 3
Let z(q) = q**3 - 75*q**2 + 533*q + 183. What are the prime factors of z(72)?
3, 7669
Let r(l) = -l**3 - 20*l**2 - 4*l + 25. Let q be r(-20). Let n = 45 + q. Let i = n + -42. List the prime factors of i.
2, 3
Suppose u = 209 - 5. List the prime factors of -15*(-7)/84*u.
3, 5, 17
Suppose -j + 30622 = 4*f, -22957 = -6*f + 3*f + 4*j. What are the prime factors of f?
5, 1531
Let z = 29 + -24. Suppose z*x - 2*l + 186 = 0, 2*x - 5*l + 87 = -0*x. Let r = x - -105. What are the prime factors of r?
3, 23
What are the prime factors of 2 - 0 - 0 - (-531860)/28?
11, 157
Let v(b) = 6*b**3 - 60*b**3 - b**2 + 1 + 27*b**3. Suppose -4*l - 6 = -2. List the prime factors of v(l).
3
List the prime factors of 1963/453 - (-84570)/9.
7, 17, 79
Let j(u) = -75 - 160 - 34*u - 39 + 123. What are the prime factors of j(-10)?
3, 7
Let g = -801 + 807. Let n = 1 + 4. Suppose -5*a - n*w + 350 = 0, a - w = -g*w + 66. What are the prime factors of a?
71
Suppose -3*x = 4*v - 39898, -7*v + 66502 = 5*x - 3*v. List the prime factors of x.
2, 3, 739
Suppose 3*g + 422 = 5*r, g - r + 142 = -0*r. Let f = 232 + g. Suppose 5*m = 2*x - f, -2*m = m + 12. List the prime factors of x.
2, 17
Let p = -396 - -1256. What are the prime factors of p?
2, 5, 43
Let w(d) = -12*d**3 + d**2 + 3*d - 2. Let j be w(2). List the prime factors of 0 + 4/(-22) - 2568/j.
29
What are the prime factors of (-1631)/5*(10 + -25)?
3, 7, 233
Let b(h) = -h + 4. Let o(r) = 6*r**3 - 2*r**2 - r + 2. Let k be o(1). Suppose -5*n - 4*i = 28, -k*i - 25 = 3*n + 2*n. List the prime factors of b(n).
2, 3
Let p(u) = 8*u + 4. Let d = 16 + 2. Let t = d + -15. List the prime factors of p(t).
2, 7
Let n(z) be the second derivative of -z**5/60 + 9*z**3 - 23*z**2/2 + 2*z. Let h(x) be the first derivative of n(x). What are the prime factors of h(0)?
2, 3
Suppose -3*m = 2 - 14. Let o(g) = g**2 + 26*g - 12. Let h be o(-19). List the prime factors of (-4 - -4) + m - h.
149
Suppose -3*j + 21 = 3*m, -m = -3*m + 5*j - 21. Suppose 0 = -3*y - 4*p + 18